{"id":237,"date":"2021-03-16T12:36:29","date_gmt":"2021-03-16T15:36:29","guid":{"rendered":"http:\/\/www.pcncontabilidade.com.br\/new\/?page_id=237"},"modified":"2021-12-20T18:49:48","modified_gmt":"2021-12-20T21:49:48","slug":"sicaf-sistema-de-cadastramento-unificado-de-fornecedores","status":"publish","type":"page","link":"https:\/\/www.pcncontabilidade.com.br\/new\/sicaf-sistema-de-cadastramento-unificado-de-fornecedores\/","title":{"rendered":"SICAF -Sistema de Cadastramento Unificado de Fornecedores"},"content":{"rendered":"\n<div class=\"wp-block-media-text alignwide has-media-on-the-right is-stacked-on-mobile is-vertically-aligned-top is-image-fill\"><figure class=\"wp-block-media-text__media\" style=\"background-image:url(https:\/\/www.pcncontabilidade.com.br\/new\/wp-content\/uploads\/2021\/03\/sicaf.jpg);background-position:77% 47%\"><img loading=\"lazy\" decoding=\"async\" width=\"526\" height=\"394\" src=\"https:\/\/www.pcncontabilidade.com.br\/new\/wp-content\/uploads\/2021\/03\/sicaf.jpg\" alt=\"\" class=\"wp-image-238 size-full\" srcset=\"https:\/\/www.pcncontabilidade.com.br\/new\/wp-content\/uploads\/2021\/03\/sicaf.jpg 526w, https:\/\/www.pcncontabilidade.com.br\/new\/wp-content\/uploads\/2021\/03\/sicaf-300x225.jpg 300w\" sizes=\"auto, (max-width: 526px) 100vw, 526px\" \/><\/figure><div class=\"wp-block-media-text__content\">\n<p>O Sistema de Cadastramento Unificado de Fornecedores \u2013 SICAF constitui o registro cadastral do Poder Executivo Federal e \u00e9 mantido pelos \u00f3rg\u00e3os e entidades que comp\u00f5em o Sistema de Servi\u00e7os Gerais \u2013 SISG (Decretos n\u00ba 1.094, de 23 de mar\u00e7o de 1994 e n\u00ba 4.485, de 25 de novembro de 2002).<\/p>\n\n\n\n<h4 class=\"wp-block-heading\">UASGs localizadas nas diversas Unidades da Federa\u00e7\u00e3o e compreende os seguintes n\u00edveis:<\/h4>\n\n\n\n<ul class=\"wp-block-list\"><li>Credenciamento;<\/li><li>Habilita\u00e7\u00e3o Jur\u00eddica;<\/li><li>Regularidade Fiscal e Trabalhista Federal;<\/li><li>Regularidade Fiscal Estadual\/Municipal;<\/li><li>Qualifica\u00e7\u00e3o T\u00e9cnica e<\/li><\/ul>\n<\/div><\/div>\n","protected":false},"excerpt":{"rendered":"<p>O Sistema de Cadastramento Unificado de Fornecedores \u2013 SICAF constitui o registro cadastral do Poder Executivo Federal e \u00e9 mantido pelos \u00f3rg\u00e3os e entidades que comp\u00f5em o Sistema de Servi\u00e7os Gerais \u2013 SISG (Decretos n\u00ba 1.094, de 23 de mar\u00e7o de 1994 e n\u00ba 4.485, de 25 de novembro de 2002). UASGs localizadas nas diversas Unidades da Federa\u00e7\u00e3o e compreende os seguintes n\u00edveis: Credenciamento; Habilita\u00e7\u00e3o&hellip; <\/p>\n","protected":false},"author":1,"featured_media":0,"parent":0,"menu_order":0,"comment_status":"closed","ping_status":"closed","template":"","meta":{"_mi_skip_tracking":false,"footnotes":""},"class_list":["post-237","page","type-page","status-publish","hentry","clearfix"],"yoast_head":"<!-- This site is optimized with the Yoast SEO plugin v27.5 - https:\/\/yoast.com\/product\/yoast-seo-wordpress\/ -->\n<title>PCN Contabilidade | SICAF -Sistema de Cadastramento Unificado de Fornecedores<\/title>\n<meta name=\"description\" content=\"% SICAF -Sistema de Cadastramento Unificado de Fornecedores\" \/>\n<meta name=\"robots\" content=\"index, follow, max-snippet:-1, max-image-preview:large, max-video-preview:-1\" \/>\n<link rel=\"canonical\" href=\"https:\/\/www.pcncontabilidade.com.br\/new\/sicaf-sistema-de-cadastramento-unificado-de-fornecedores\/\" \/>\n<meta property=\"og:locale\" content=\"pt_BR\" \/>\n<meta property=\"og:type\" content=\"article\" \/>\n<meta property=\"og:title\" content=\"PCN Contabilidade | SICAF -Sistema de Cadastramento Unificado de Fornecedores\" \/>\n<meta property=\"og:description\" content=\"% SICAF -Sistema de Cadastramento Unificado de Fornecedores\" \/>\n<meta property=\"og:url\" content=\"https:\/\/www.pcncontabilidade.com.br\/new\/sicaf-sistema-de-cadastramento-unificado-de-fornecedores\/\" \/>\n<meta property=\"article:modified_time\" content=\"2021-12-20T21:49:48+00:00\" \/>\n<meta property=\"og:image\" content=\"http:\/\/www.pcncontabilidade.com.br\/new\/wp-content\/uploads\/2021\/03\/sicaf.jpg\" \/>\n<meta name=\"twitter:card\" content=\"summary_large_image\" \/>\n<meta name=\"twitter:label1\" content=\"Est. tempo de leitura\" \/>\n\t<meta name=\"twitter:data1\" content=\"1 minuto\" \/>\n<script type=\"application\/ld+json\" class=\"yoast-schema-graph\">{\"@context\":\"https:\\\/\\\/schema.org\",\"@graph\":[{\"@type\":\"WebPage\",\"@id\":\"https:\\\/\\\/www.pcncontabilidade.com.br\\\/new\\\/sicaf-sistema-de-cadastramento-unificado-de-fornecedores\\\/\",\"url\":\"https:\\\/\\\/www.pcncontabilidade.com.br\\\/new\\\/sicaf-sistema-de-cadastramento-unificado-de-fornecedores\\\/\",\"name\":\"PCN Contabilidade | SICAF -Sistema de Cadastramento Unificado de Fornecedores\",\"isPartOf\":{\"@id\":\"https:\\\/\\\/www.pcncontabilidade.com.br\\\/new\\\/#website\"},\"primaryImageOfPage\":{\"@id\":\"https:\\\/\\\/www.pcncontabilidade.com.br\\\/new\\\/sicaf-sistema-de-cadastramento-unificado-de-fornecedores\\\/#primaryimage\"},\"image\":{\"@id\":\"https:\\\/\\\/www.pcncontabilidade.com.br\\\/new\\\/sicaf-sistema-de-cadastramento-unificado-de-fornecedores\\\/#primaryimage\"},\"thumbnailUrl\":\"http:\\\/\\\/www.pcncontabilidade.com.br\\\/new\\\/wp-content\\\/uploads\\\/2021\\\/03\\\/sicaf.jpg\",\"datePublished\":\"2021-03-16T15:36:29+00:00\",\"dateModified\":\"2021-12-20T21:49:48+00:00\",\"description\":\"% SICAF -Sistema de Cadastramento Unificado de Fornecedores\",\"breadcrumb\":{\"@id\":\"https:\\\/\\\/www.pcncontabilidade.com.br\\\/new\\\/sicaf-sistema-de-cadastramento-unificado-de-fornecedores\\\/#breadcrumb\"},\"inLanguage\":\"pt-BR\",\"potentialAction\":[{\"@type\":\"ReadAction\",\"target\":[\"https:\\\/\\\/www.pcncontabilidade.com.br\\\/new\\\/sicaf-sistema-de-cadastramento-unificado-de-fornecedores\\\/\"]}]},{\"@type\":\"ImageObject\",\"inLanguage\":\"pt-BR\",\"@id\":\"https:\\\/\\\/www.pcncontabilidade.com.br\\\/new\\\/sicaf-sistema-de-cadastramento-unificado-de-fornecedores\\\/#primaryimage\",\"url\":\"https:\\\/\\\/www.pcncontabilidade.com.br\\\/new\\\/wp-content\\\/uploads\\\/2021\\\/03\\\/sicaf.jpg\",\"contentUrl\":\"https:\\\/\\\/www.pcncontabilidade.com.br\\\/new\\\/wp-content\\\/uploads\\\/2021\\\/03\\\/sicaf.jpg\",\"width\":526,\"height\":394},{\"@type\":\"BreadcrumbList\",\"@id\":\"https:\\\/\\\/www.pcncontabilidade.com.br\\\/new\\\/sicaf-sistema-de-cadastramento-unificado-de-fornecedores\\\/#breadcrumb\",\"itemListElement\":[{\"@type\":\"ListItem\",\"position\":1,\"name\":\"In\u00edcio\",\"item\":\"https:\\\/\\\/www.pcncontabilidade.com.br\\\/new\\\/\"},{\"@type\":\"ListItem\",\"position\":2,\"name\":\"SICAF -Sistema de Cadastramento Unificado de Fornecedores\"}]},{\"@type\":\"WebSite\",\"@id\":\"https:\\\/\\\/www.pcncontabilidade.com.br\\\/new\\\/#website\",\"url\":\"https:\\\/\\\/www.pcncontabilidade.com.br\\\/new\\\/\",\"name\":\"\",\"description\":\"Contabilidade de sucesso\",\"publisher\":{\"@id\":\"https:\\\/\\\/www.pcncontabilidade.com.br\\\/new\\\/#organization\"},\"potentialAction\":[{\"@type\":\"SearchAction\",\"target\":{\"@type\":\"EntryPoint\",\"urlTemplate\":\"https:\\\/\\\/www.pcncontabilidade.com.br\\\/new\\\/?s={search_term_string}\"},\"query-input\":{\"@type\":\"PropertyValueSpecification\",\"valueRequired\":true,\"valueName\":\"search_term_string\"}}],\"inLanguage\":\"pt-BR\"},{\"@type\":\"Organization\",\"@id\":\"https:\\\/\\\/www.pcncontabilidade.com.br\\\/new\\\/#organization\",\"name\":\"PCN Contabilidade\",\"url\":\"https:\\\/\\\/www.pcncontabilidade.com.br\\\/new\\\/\",\"logo\":{\"@type\":\"ImageObject\",\"inLanguage\":\"pt-BR\",\"@id\":\"https:\\\/\\\/www.pcncontabilidade.com.br\\\/new\\\/#\\\/schema\\\/logo\\\/image\\\/\",\"url\":\"http:\\\/\\\/www.pcncontabilidade.com.br\\\/new\\\/wp-content\\\/uploads\\\/2021\\\/03\\\/logoBranco-2-e1615847764799.png\",\"contentUrl\":\"http:\\\/\\\/www.pcncontabilidade.com.br\\\/new\\\/wp-content\\\/uploads\\\/2021\\\/03\\\/logoBranco-2-e1615847764799.png\",\"width\":200,\"height\":70,\"caption\":\"PCN Contabilidade\"},\"image\":{\"@id\":\"https:\\\/\\\/www.pcncontabilidade.com.br\\\/new\\\/#\\\/schema\\\/logo\\\/image\\\/\"}}]}<\/script>\n<!-- \/ Yoast SEO plugin. -->","yoast_head_json":{"title":"PCN Contabilidade | SICAF -Sistema de Cadastramento Unificado de Fornecedores","description":"% SICAF -Sistema de Cadastramento Unificado de Fornecedores","robots":{"index":"index","follow":"follow","max-snippet":"max-snippet:-1","max-image-preview":"max-image-preview:large","max-video-preview":"max-video-preview:-1"},"canonical":"https:\/\/www.pcncontabilidade.com.br\/new\/sicaf-sistema-de-cadastramento-unificado-de-fornecedores\/","og_locale":"pt_BR","og_type":"article","og_title":"PCN Contabilidade | SICAF -Sistema de Cadastramento Unificado de Fornecedores","og_description":"% SICAF -Sistema de Cadastramento Unificado de Fornecedores","og_url":"https:\/\/www.pcncontabilidade.com.br\/new\/sicaf-sistema-de-cadastramento-unificado-de-fornecedores\/","article_modified_time":"2021-12-20T21:49:48+00:00","og_image":[{"url":"http:\/\/www.pcncontabilidade.com.br\/new\/wp-content\/uploads\/2021\/03\/sicaf.jpg","type":"","width":"","height":""}],"twitter_card":"summary_large_image","twitter_misc":{"Est. tempo de leitura":"1 minuto"},"schema":{"@context":"https:\/\/schema.org","@graph":[{"@type":"WebPage","@id":"https:\/\/www.pcncontabilidade.com.br\/new\/sicaf-sistema-de-cadastramento-unificado-de-fornecedores\/","url":"https:\/\/www.pcncontabilidade.com.br\/new\/sicaf-sistema-de-cadastramento-unificado-de-fornecedores\/","name":"PCN Contabilidade | SICAF -Sistema de Cadastramento Unificado de Fornecedores","isPartOf":{"@id":"https:\/\/www.pcncontabilidade.com.br\/new\/#website"},"primaryImageOfPage":{"@id":"https:\/\/www.pcncontabilidade.com.br\/new\/sicaf-sistema-de-cadastramento-unificado-de-fornecedores\/#primaryimage"},"image":{"@id":"https:\/\/www.pcncontabilidade.com.br\/new\/sicaf-sistema-de-cadastramento-unificado-de-fornecedores\/#primaryimage"},"thumbnailUrl":"http:\/\/www.pcncontabilidade.com.br\/new\/wp-content\/uploads\/2021\/03\/sicaf.jpg","datePublished":"2021-03-16T15:36:29+00:00","dateModified":"2021-12-20T21:49:48+00:00","description":"% SICAF -Sistema de Cadastramento Unificado de Fornecedores","breadcrumb":{"@id":"https:\/\/www.pcncontabilidade.com.br\/new\/sicaf-sistema-de-cadastramento-unificado-de-fornecedores\/#breadcrumb"},"inLanguage":"pt-BR","potentialAction":[{"@type":"ReadAction","target":["https:\/\/www.pcncontabilidade.com.br\/new\/sicaf-sistema-de-cadastramento-unificado-de-fornecedores\/"]}]},{"@type":"ImageObject","inLanguage":"pt-BR","@id":"https:\/\/www.pcncontabilidade.com.br\/new\/sicaf-sistema-de-cadastramento-unificado-de-fornecedores\/#primaryimage","url":"https:\/\/www.pcncontabilidade.com.br\/new\/wp-content\/uploads\/2021\/03\/sicaf.jpg","contentUrl":"https:\/\/www.pcncontabilidade.com.br\/new\/wp-content\/uploads\/2021\/03\/sicaf.jpg","width":526,"height":394},{"@type":"BreadcrumbList","@id":"https:\/\/www.pcncontabilidade.com.br\/new\/sicaf-sistema-de-cadastramento-unificado-de-fornecedores\/#breadcrumb","itemListElement":[{"@type":"ListItem","position":1,"name":"In\u00edcio","item":"https:\/\/www.pcncontabilidade.com.br\/new\/"},{"@type":"ListItem","position":2,"name":"SICAF -Sistema de Cadastramento Unificado de Fornecedores"}]},{"@type":"WebSite","@id":"https:\/\/www.pcncontabilidade.com.br\/new\/#website","url":"https:\/\/www.pcncontabilidade.com.br\/new\/","name":"","description":"Contabilidade de sucesso","publisher":{"@id":"https:\/\/www.pcncontabilidade.com.br\/new\/#organization"},"potentialAction":[{"@type":"SearchAction","target":{"@type":"EntryPoint","urlTemplate":"https:\/\/www.pcncontabilidade.com.br\/new\/?s={search_term_string}"},"query-input":{"@type":"PropertyValueSpecification","valueRequired":true,"valueName":"search_term_string"}}],"inLanguage":"pt-BR"},{"@type":"Organization","@id":"https:\/\/www.pcncontabilidade.com.br\/new\/#organization","name":"PCN Contabilidade","url":"https:\/\/www.pcncontabilidade.com.br\/new\/","logo":{"@type":"ImageObject","inLanguage":"pt-BR","@id":"https:\/\/www.pcncontabilidade.com.br\/new\/#\/schema\/logo\/image\/","url":"http:\/\/www.pcncontabilidade.com.br\/new\/wp-content\/uploads\/2021\/03\/logoBranco-2-e1615847764799.png","contentUrl":"http:\/\/www.pcncontabilidade.com.br\/new\/wp-content\/uploads\/2021\/03\/logoBranco-2-e1615847764799.png","width":200,"height":70,"caption":"PCN Contabilidade"},"image":{"@id":"https:\/\/www.pcncontabilidade.com.br\/new\/#\/schema\/logo\/image\/"}}]}},"_links":{"self":[{"href":"https:\/\/www.pcncontabilidade.com.br\/new\/wp-json\/wp\/v2\/pages\/237","targetHints":{"allow":["GET"]}}],"collection":[{"href":"https:\/\/www.pcncontabilidade.com.br\/new\/wp-json\/wp\/v2\/pages"}],"about":[{"href":"https:\/\/www.pcncontabilidade.com.br\/new\/wp-json\/wp\/v2\/types\/page"}],"author":[{"embeddable":true,"href":"https:\/\/www.pcncontabilidade.com.br\/new\/wp-json\/wp\/v2\/users\/1"}],"replies":[{"embeddable":true,"href":"https:\/\/www.pcncontabilidade.com.br\/new\/wp-json\/wp\/v2\/comments?post=237"}],"version-history":[{"count":3,"href":"https:\/\/www.pcncontabilidade.com.br\/new\/wp-json\/wp\/v2\/pages\/237\/revisions"}],"predecessor-version":[{"id":523,"href":"https:\/\/www.pcncontabilidade.com.br\/new\/wp-json\/wp\/v2\/pages\/237\/revisions\/523"}],"wp:attachment":[{"href":"https:\/\/www.pcncontabilidade.com.br\/new\/wp-json\/wp\/v2\/media?parent=237"}],"curies":[{"name":"wp","href":"https:\/\/api.w.org\/{rel}","templated":true}]}}