{"id":229,"date":"2021-03-16T12:21:40","date_gmt":"2021-03-16T15:21:40","guid":{"rendered":"http:\/\/www.pcncontabilidade.com.br\/new\/?page_id=229"},"modified":"2021-12-20T18:49:28","modified_gmt":"2021-12-20T21:49:28","slug":"cbmerj-corpo-de-bombeiros","status":"publish","type":"page","link":"https:\/\/www.pcncontabilidade.com.br\/new\/cbmerj-corpo-de-bombeiros\/","title":{"rendered":"CBMERJ \u2013 Corpo de Bombeiros"},"content":{"rendered":"\n<div class=\"wp-block-media-text alignwide is-stacked-on-mobile is-vertically-aligned-top is-image-fill\" style=\"grid-template-columns:41% auto\"><figure class=\"wp-block-media-text__media\" style=\"background-image:url(https:\/\/www.pcncontabilidade.com.br\/new\/wp-content\/uploads\/2021\/03\/avcb-icone.png);background-position:80% 51%\"><img loading=\"lazy\" decoding=\"async\" width=\"400\" height=\"500\" src=\"https:\/\/www.pcncontabilidade.com.br\/new\/wp-content\/uploads\/2021\/03\/avcb-icone.png\" alt=\"\" class=\"wp-image-233 size-full\" srcset=\"https:\/\/www.pcncontabilidade.com.br\/new\/wp-content\/uploads\/2021\/03\/avcb-icone.png 400w, https:\/\/www.pcncontabilidade.com.br\/new\/wp-content\/uploads\/2021\/03\/avcb-icone-240x300.png 240w\" sizes=\"auto, (max-width: 400px) 100vw, 400px\" \/><\/figure><div class=\"wp-block-media-text__content\">\n<p>Compete ao Corpo de Bombeiros, no \u00e2mbito do Estado do Rio de Janeiro, gerenciar todas as atividades referentes ao servi\u00e7o de seguran\u00e7a contra inc\u00eandio e p\u00e2nico, definido atrav\u00e9s do C\u00f3digo de Seguran\u00e7a Contra Inc\u00eandio e P\u00e2nico (CoSCIP) que \u00e9 estabelecido pelo Decreto n\u00ba 897 de 21 de setembro de 1976 e legisla\u00e7\u00f5es complementares.<\/p>\n\n\n\n<p>Este C\u00f3digo fixa os requisitos exig\u00edveis nas edifica\u00e7\u00f5es, levando em considera\u00e7\u00e3o a prote\u00e7\u00e3o de pessoas e bens.<\/p>\n\n\n\n<h4 class=\"wp-block-heading\"><strong>DO SERVI\u00c7O T\u00c9CNICO:<\/strong><\/h4>\n\n\n\n<p>Nos Quart\u00e9is de Bombeiro Militar, distribu\u00eddos no Estado do Rio de Janeiro, o p\u00fablico obter\u00e1 orienta\u00e7\u00e3o, em espec\u00edfico nas Se\u00e7\u00f5es de Servi\u00e7os T\u00e9cnicos, de quais procedimentos dever\u00e3o tomar com fins a regularizar uma determinada edifica\u00e7\u00e3o.<\/p>\n\n\n\n<p>Uma edifica\u00e7\u00e3o estar\u00e1 aprovada junto ao Corpo de Bombeiros, caso possua um Laudo de Exig\u00eancias, ou em alguns casos Certificado de Despacho, acompanhado do respectivo Certificado de Aprova\u00e7\u00e3o. O CBMERJ expede dois tipos distintos de Laudos de Exig\u00eancias, que s\u00e3o: laudo (V) e laudo (P), o primeiro \u00e9 expedido quando a edifica\u00e7\u00e3o estiver isenta de dispositivo preventivo fixo, como por exemplo: instala\u00e7\u00e3o de canaliza\u00e7\u00e3o preventiva, canaliza\u00e7\u00e3o de chuveiros autom\u00e1ticos do tipo Sprinklers, e sendo assim a confec\u00e7\u00e3o deste laudo ficar\u00e1 condicionada a vistoria ao local (por isso o chamado laudo V), o segundo caso, ser\u00e1 quando uma edifica\u00e7\u00e3o vier, em fun\u00e7\u00e3o do n\u00ba de pavimentos e \u00e1rea total constru\u00edda, a requerer os dispositivos preventivos fixos, exemplificados anteriormente, cabendo para este caso, a apresenta\u00e7\u00e3o de projeto de seguran\u00e7a contra inc\u00eandio e p\u00e2nico, ao qual, caso aprovado, ser\u00e1 expedido um laudo (P), pois se trata de an\u00e1lise de projeto. Uma vez expedido o laudo, quer seja (V) ou (P), o solicitante cumprir\u00e1 todas as exig\u00eancias contidas neste e ap\u00f3s solicitar\u00e1, junto ao quartel da \u00e1rea, o Certificado de Aprova\u00e7\u00e3o, o qual ser\u00e1 concedido mediante nova vistoria, agora de verifica\u00e7\u00e3o de cumprimento de todas as exig\u00eancias contidas no laudo.<\/p>\n<\/div><\/div>\n","protected":false},"excerpt":{"rendered":"<p>Compete ao Corpo de Bombeiros, no \u00e2mbito do Estado do Rio de Janeiro, gerenciar todas as atividades referentes ao servi\u00e7o de seguran\u00e7a contra inc\u00eandio e p\u00e2nico, definido atrav\u00e9s do C\u00f3digo de Seguran\u00e7a Contra Inc\u00eandio e P\u00e2nico (CoSCIP) que \u00e9 estabelecido pelo Decreto n\u00ba 897 de 21 de setembro de 1976 e legisla\u00e7\u00f5es complementares. Este C\u00f3digo fixa os requisitos exig\u00edveis nas edifica\u00e7\u00f5es, levando em considera\u00e7\u00e3o a&hellip; <\/p>\n","protected":false},"author":1,"featured_media":0,"parent":0,"menu_order":0,"comment_status":"closed","ping_status":"closed","template":"","meta":{"_mi_skip_tracking":false,"footnotes":""},"class_list":["post-229","page","type-page","status-publish","hentry","clearfix"],"yoast_head":"<!-- This site is optimized with the Yoast SEO plugin v27.5 - https:\/\/yoast.com\/product\/yoast-seo-wordpress\/ -->\n<title>PCN Contabilidade | CBMERJ \u2013 Corpo de Bombeiros<\/title>\n<meta name=\"description\" content=\"% CBMERJ \u2013 Corpo de Bombeiros\" \/>\n<meta name=\"robots\" content=\"index, follow, max-snippet:-1, max-image-preview:large, max-video-preview:-1\" \/>\n<link rel=\"canonical\" href=\"https:\/\/www.pcncontabilidade.com.br\/new\/cbmerj-corpo-de-bombeiros\/\" \/>\n<meta property=\"og:locale\" content=\"pt_BR\" \/>\n<meta property=\"og:type\" content=\"article\" \/>\n<meta property=\"og:title\" content=\"PCN Contabilidade | CBMERJ \u2013 Corpo de Bombeiros\" \/>\n<meta property=\"og:description\" content=\"% CBMERJ \u2013 Corpo de Bombeiros\" \/>\n<meta property=\"og:url\" content=\"https:\/\/www.pcncontabilidade.com.br\/new\/cbmerj-corpo-de-bombeiros\/\" \/>\n<meta property=\"article:modified_time\" content=\"2021-12-20T21:49:28+00:00\" \/>\n<meta property=\"og:image\" content=\"http:\/\/www.pcncontabilidade.com.br\/new\/wp-content\/uploads\/2021\/03\/avcb-icone.png\" \/>\n<meta name=\"twitter:card\" content=\"summary_large_image\" \/>\n<meta name=\"twitter:label1\" content=\"Est. tempo de leitura\" \/>\n\t<meta name=\"twitter:data1\" content=\"2 minutos\" \/>\n<script type=\"application\/ld+json\" class=\"yoast-schema-graph\">{\"@context\":\"https:\\\/\\\/schema.org\",\"@graph\":[{\"@type\":\"WebPage\",\"@id\":\"https:\\\/\\\/www.pcncontabilidade.com.br\\\/new\\\/cbmerj-corpo-de-bombeiros\\\/\",\"url\":\"https:\\\/\\\/www.pcncontabilidade.com.br\\\/new\\\/cbmerj-corpo-de-bombeiros\\\/\",\"name\":\"PCN Contabilidade | CBMERJ \u2013 Corpo de Bombeiros\",\"isPartOf\":{\"@id\":\"https:\\\/\\\/www.pcncontabilidade.com.br\\\/new\\\/#website\"},\"primaryImageOfPage\":{\"@id\":\"https:\\\/\\\/www.pcncontabilidade.com.br\\\/new\\\/cbmerj-corpo-de-bombeiros\\\/#primaryimage\"},\"image\":{\"@id\":\"https:\\\/\\\/www.pcncontabilidade.com.br\\\/new\\\/cbmerj-corpo-de-bombeiros\\\/#primaryimage\"},\"thumbnailUrl\":\"http:\\\/\\\/www.pcncontabilidade.com.br\\\/new\\\/wp-content\\\/uploads\\\/2021\\\/03\\\/avcb-icone.png\",\"datePublished\":\"2021-03-16T15:21:40+00:00\",\"dateModified\":\"2021-12-20T21:49:28+00:00\",\"description\":\"% CBMERJ \u2013 Corpo de Bombeiros\",\"breadcrumb\":{\"@id\":\"https:\\\/\\\/www.pcncontabilidade.com.br\\\/new\\\/cbmerj-corpo-de-bombeiros\\\/#breadcrumb\"},\"inLanguage\":\"pt-BR\",\"potentialAction\":[{\"@type\":\"ReadAction\",\"target\":[\"https:\\\/\\\/www.pcncontabilidade.com.br\\\/new\\\/cbmerj-corpo-de-bombeiros\\\/\"]}]},{\"@type\":\"ImageObject\",\"inLanguage\":\"pt-BR\",\"@id\":\"https:\\\/\\\/www.pcncontabilidade.com.br\\\/new\\\/cbmerj-corpo-de-bombeiros\\\/#primaryimage\",\"url\":\"https:\\\/\\\/www.pcncontabilidade.com.br\\\/new\\\/wp-content\\\/uploads\\\/2021\\\/03\\\/avcb-icone.png\",\"contentUrl\":\"https:\\\/\\\/www.pcncontabilidade.com.br\\\/new\\\/wp-content\\\/uploads\\\/2021\\\/03\\\/avcb-icone.png\",\"width\":400,\"height\":500},{\"@type\":\"BreadcrumbList\",\"@id\":\"https:\\\/\\\/www.pcncontabilidade.com.br\\\/new\\\/cbmerj-corpo-de-bombeiros\\\/#breadcrumb\",\"itemListElement\":[{\"@type\":\"ListItem\",\"position\":1,\"name\":\"In\u00edcio\",\"item\":\"https:\\\/\\\/www.pcncontabilidade.com.br\\\/new\\\/\"},{\"@type\":\"ListItem\",\"position\":2,\"name\":\"CBMERJ \u2013 Corpo de Bombeiros\"}]},{\"@type\":\"WebSite\",\"@id\":\"https:\\\/\\\/www.pcncontabilidade.com.br\\\/new\\\/#website\",\"url\":\"https:\\\/\\\/www.pcncontabilidade.com.br\\\/new\\\/\",\"name\":\"\",\"description\":\"Contabilidade de sucesso\",\"publisher\":{\"@id\":\"https:\\\/\\\/www.pcncontabilidade.com.br\\\/new\\\/#organization\"},\"potentialAction\":[{\"@type\":\"SearchAction\",\"target\":{\"@type\":\"EntryPoint\",\"urlTemplate\":\"https:\\\/\\\/www.pcncontabilidade.com.br\\\/new\\\/?s={search_term_string}\"},\"query-input\":{\"@type\":\"PropertyValueSpecification\",\"valueRequired\":true,\"valueName\":\"search_term_string\"}}],\"inLanguage\":\"pt-BR\"},{\"@type\":\"Organization\",\"@id\":\"https:\\\/\\\/www.pcncontabilidade.com.br\\\/new\\\/#organization\",\"name\":\"PCN Contabilidade\",\"url\":\"https:\\\/\\\/www.pcncontabilidade.com.br\\\/new\\\/\",\"logo\":{\"@type\":\"ImageObject\",\"inLanguage\":\"pt-BR\",\"@id\":\"https:\\\/\\\/www.pcncontabilidade.com.br\\\/new\\\/#\\\/schema\\\/logo\\\/image\\\/\",\"url\":\"http:\\\/\\\/www.pcncontabilidade.com.br\\\/new\\\/wp-content\\\/uploads\\\/2021\\\/03\\\/logoBranco-2-e1615847764799.png\",\"contentUrl\":\"http:\\\/\\\/www.pcncontabilidade.com.br\\\/new\\\/wp-content\\\/uploads\\\/2021\\\/03\\\/logoBranco-2-e1615847764799.png\",\"width\":200,\"height\":70,\"caption\":\"PCN Contabilidade\"},\"image\":{\"@id\":\"https:\\\/\\\/www.pcncontabilidade.com.br\\\/new\\\/#\\\/schema\\\/logo\\\/image\\\/\"}}]}<\/script>\n<!-- \/ Yoast SEO plugin. -->","yoast_head_json":{"title":"PCN Contabilidade | CBMERJ \u2013 Corpo de Bombeiros","description":"% CBMERJ \u2013 Corpo de Bombeiros","robots":{"index":"index","follow":"follow","max-snippet":"max-snippet:-1","max-image-preview":"max-image-preview:large","max-video-preview":"max-video-preview:-1"},"canonical":"https:\/\/www.pcncontabilidade.com.br\/new\/cbmerj-corpo-de-bombeiros\/","og_locale":"pt_BR","og_type":"article","og_title":"PCN Contabilidade | CBMERJ \u2013 Corpo de Bombeiros","og_description":"% CBMERJ \u2013 Corpo de Bombeiros","og_url":"https:\/\/www.pcncontabilidade.com.br\/new\/cbmerj-corpo-de-bombeiros\/","article_modified_time":"2021-12-20T21:49:28+00:00","og_image":[{"url":"http:\/\/www.pcncontabilidade.com.br\/new\/wp-content\/uploads\/2021\/03\/avcb-icone.png","type":"","width":"","height":""}],"twitter_card":"summary_large_image","twitter_misc":{"Est. tempo de leitura":"2 minutos"},"schema":{"@context":"https:\/\/schema.org","@graph":[{"@type":"WebPage","@id":"https:\/\/www.pcncontabilidade.com.br\/new\/cbmerj-corpo-de-bombeiros\/","url":"https:\/\/www.pcncontabilidade.com.br\/new\/cbmerj-corpo-de-bombeiros\/","name":"PCN Contabilidade | CBMERJ \u2013 Corpo de Bombeiros","isPartOf":{"@id":"https:\/\/www.pcncontabilidade.com.br\/new\/#website"},"primaryImageOfPage":{"@id":"https:\/\/www.pcncontabilidade.com.br\/new\/cbmerj-corpo-de-bombeiros\/#primaryimage"},"image":{"@id":"https:\/\/www.pcncontabilidade.com.br\/new\/cbmerj-corpo-de-bombeiros\/#primaryimage"},"thumbnailUrl":"http:\/\/www.pcncontabilidade.com.br\/new\/wp-content\/uploads\/2021\/03\/avcb-icone.png","datePublished":"2021-03-16T15:21:40+00:00","dateModified":"2021-12-20T21:49:28+00:00","description":"% CBMERJ \u2013 Corpo de Bombeiros","breadcrumb":{"@id":"https:\/\/www.pcncontabilidade.com.br\/new\/cbmerj-corpo-de-bombeiros\/#breadcrumb"},"inLanguage":"pt-BR","potentialAction":[{"@type":"ReadAction","target":["https:\/\/www.pcncontabilidade.com.br\/new\/cbmerj-corpo-de-bombeiros\/"]}]},{"@type":"ImageObject","inLanguage":"pt-BR","@id":"https:\/\/www.pcncontabilidade.com.br\/new\/cbmerj-corpo-de-bombeiros\/#primaryimage","url":"https:\/\/www.pcncontabilidade.com.br\/new\/wp-content\/uploads\/2021\/03\/avcb-icone.png","contentUrl":"https:\/\/www.pcncontabilidade.com.br\/new\/wp-content\/uploads\/2021\/03\/avcb-icone.png","width":400,"height":500},{"@type":"BreadcrumbList","@id":"https:\/\/www.pcncontabilidade.com.br\/new\/cbmerj-corpo-de-bombeiros\/#breadcrumb","itemListElement":[{"@type":"ListItem","position":1,"name":"In\u00edcio","item":"https:\/\/www.pcncontabilidade.com.br\/new\/"},{"@type":"ListItem","position":2,"name":"CBMERJ \u2013 Corpo de Bombeiros"}]},{"@type":"WebSite","@id":"https:\/\/www.pcncontabilidade.com.br\/new\/#website","url":"https:\/\/www.pcncontabilidade.com.br\/new\/","name":"","description":"Contabilidade de sucesso","publisher":{"@id":"https:\/\/www.pcncontabilidade.com.br\/new\/#organization"},"potentialAction":[{"@type":"SearchAction","target":{"@type":"EntryPoint","urlTemplate":"https:\/\/www.pcncontabilidade.com.br\/new\/?s={search_term_string}"},"query-input":{"@type":"PropertyValueSpecification","valueRequired":true,"valueName":"search_term_string"}}],"inLanguage":"pt-BR"},{"@type":"Organization","@id":"https:\/\/www.pcncontabilidade.com.br\/new\/#organization","name":"PCN Contabilidade","url":"https:\/\/www.pcncontabilidade.com.br\/new\/","logo":{"@type":"ImageObject","inLanguage":"pt-BR","@id":"https:\/\/www.pcncontabilidade.com.br\/new\/#\/schema\/logo\/image\/","url":"http:\/\/www.pcncontabilidade.com.br\/new\/wp-content\/uploads\/2021\/03\/logoBranco-2-e1615847764799.png","contentUrl":"http:\/\/www.pcncontabilidade.com.br\/new\/wp-content\/uploads\/2021\/03\/logoBranco-2-e1615847764799.png","width":200,"height":70,"caption":"PCN Contabilidade"},"image":{"@id":"https:\/\/www.pcncontabilidade.com.br\/new\/#\/schema\/logo\/image\/"}}]}},"_links":{"self":[{"href":"https:\/\/www.pcncontabilidade.com.br\/new\/wp-json\/wp\/v2\/pages\/229","targetHints":{"allow":["GET"]}}],"collection":[{"href":"https:\/\/www.pcncontabilidade.com.br\/new\/wp-json\/wp\/v2\/pages"}],"about":[{"href":"https:\/\/www.pcncontabilidade.com.br\/new\/wp-json\/wp\/v2\/types\/page"}],"author":[{"embeddable":true,"href":"https:\/\/www.pcncontabilidade.com.br\/new\/wp-json\/wp\/v2\/users\/1"}],"replies":[{"embeddable":true,"href":"https:\/\/www.pcncontabilidade.com.br\/new\/wp-json\/wp\/v2\/comments?post=229"}],"version-history":[{"count":4,"href":"https:\/\/www.pcncontabilidade.com.br\/new\/wp-json\/wp\/v2\/pages\/229\/revisions"}],"predecessor-version":[{"id":521,"href":"https:\/\/www.pcncontabilidade.com.br\/new\/wp-json\/wp\/v2\/pages\/229\/revisions\/521"}],"wp:attachment":[{"href":"https:\/\/www.pcncontabilidade.com.br\/new\/wp-json\/wp\/v2\/media?parent=229"}],"curies":[{"name":"wp","href":"https:\/\/api.w.org\/{rel}","templated":true}]}}